at is the hundred millions digit of 141342542?
1
What is the hundred thousands digit of 614650277?
6
What is the hundred thousands digit of 434945989?
9
What is the tens digit of 223296898?
9
What is the ten millions digit of 376847357?
7
What is the units digit of 931214355?
5
What is the tens digit of 57191289?
8
What is the ten millions digit of 90294010?
9
What is the millions digit of 38700487?
8
What is the tens digit of 2220182305?
0
What is the ten millions digit of 1286805133?
8
What is the millions digit of 469950281?
9
What is the tens digit of 76302612?
1
What is the ten thousands digit of 142136459?
3
What is the ten thousands digit of 832594551?
9
What is the hundred thousands digit of 346854985?
8
What is the tens digit of 146073844?
4
What is the hundreds digit of 207457827?
8
What is the thousands digit of 683508332?
8
What is the tens digit of 474791072?
7
What is the tens digit of 3254156706?
0
What is the thousands digit of 58304476?
4
What is the units digit of 71024463?
3
What is the thousands digit of 3409152317?
2
What is the millions digit of 1206413110?
6
What is the ten thousands digit of 952737913?
3
What is the millions digit of 55416997?
5
What is the thousands digit of 156253059?
3
What is the tens digit of 103197091?
9
What is the hundreds digit of 4209278908?
9
What is the thousands digit of 904834455?
4
What is the tens digit of 84527184?
8
What is the hundred thousands digit of 40212137?
2
What is the tens digit of 307974516?
1
What is the tens digit of 25040264?
6
What is the millions digit of 43196776?
3
What is the ten millions digit of 76546871?
7
What is the tens digit of 7052877?
7
What is the hundreds digit of 98523108?
1
What is the ten thousands digit of 534967449?
6
What is the hundred millions digit of 287992970?
2
What is the hundred thousands digit of 119092396?
0
What is the hundreds digit of 28727684?
6
What is the ten thousands digit of 3703624760?
2
What is the hundred thousands digit of 727434218?
4
What is the tens digit of 35428631?
3
What is the millions digit of 26989053?
6
What is the units digit of 314626158?
8
What is the tens digit of 542408535?
3
What is the millions digit of 212311119?
2
What is the hundred thousands digit of 98572668?
5
What is the tens digit of 3325806655?
5
What is the ten millions digit of 51169304?
5
What is the millions digit of 4685912?
4
What is the millions digit of 121608240?
1
What is the units digit of 1754437312?
2
What is the ten thousands digit of 94992444?
9
What is the millions digit of 32316280?
2
What is the ten thousands digit of 557607806?
0
What is the units digit of 78525309?
9
What is the units digit of 16347780?
0
What is the ten thousands digit of 4521577?
2
What is the thousands digit of 135231263?
1
What is the ten millions digit of 2388243133?
8
What is the tens digit of 73216266?
6
What is the millions digit of 191610561?
1
What is the thousands digit of 1735249296?
9
What is the hundreds digit of 82915501?
5
What is the ten millions digit of 157398122?
5
What is the ten thousands digit of 489330339?
3
What is the thousands digit of 780143107?
3
What is the thousands digit of 489630292?
0
What is the millions digit of 219750821?
9
What is the thousands digit of 2542108938?
8
What is the ten thousands digit of 1041938752?
3
What is the tens digit of 488317358?
5
What is the hundred thousands digit of 293913329?
9
What is the ten thousands digit of 1228563608?
6
What is the ten thousands digit of 181187059?
8
What is the hundred millions digit of 279210139?
2
What is the thousands digit of 417740398?
0
What is the units digit of 704773804?
4
What is the tens digit of 70233249?
4
What is the millions digit of 373959201?
3
What is the hundred thousands digit of 333587437?
5
What is the thousands digit of 168460786?
0
What is the millions digit of 110389970?
0
What is the hundred thousands digit of 3209200?
2
What is the tens digit of 2987729712?
1
What is the hundreds digit of 169537240?
2
What is the ten millions digit of 934461578?
3
What is the thousands digit of 79604116?
4
What is the ten millions digit of 82197211?
8
What is the hundreds digit of 391818164?
1
What is the tens digit of 394271218?
1
What is the hundred thousands digit of 883755691?
7
What is the tens digit of 99489122?
2
What is the hundreds digit of 70753426?
4
What is the hundred thousands digit of 2153568?
1
What is the ten millions digit of 123362911?
2
What is the hundreds digit of 152783778?
7
What is the hundreds digit of 667207885?
8
What is the hundreds digit of 241582059?
0
What is the hundred thousands digit of 434566264?
5
What is the thousands digit of 100959946?
9
What is the hundred millions digit of 3127054508?
1
What is the ten millions digit of 134983615?
3
What is the hundred millions digit of 1764931539?
7
What is the ten thousands digit of 85152048?
5
What is the units digit of 3962456852?
2
What is the hundred thousands digit of 61289459?
2
What is the ten millions digit of 160620481?
6
What is the ten thousands digit of 1573352?
7
What is the ten millions digit of 1761668725?
6
What is the billions digit of 4444673843?
4
What is the millions digit of 99450871?
9
What is the millions digit of 1523876077?
3
What is the thousands digit of 80586777?
6
What is the units digit of 551586387?
7
What is the millions digit of 197565548?
7
What is the millions digit of 6044895?
6
What is the hundreds digit of 75810520?
5
What is the tens digit of 13045779?
7
What is the tens digit of 1030830530?
3
What is the ten thousands digit of 19929867?
2
What is the tens digit of 33508098?
9
What is the tens digit of 49664754?
5
What is the units digit of 4573890032?
2
What is the hundred millions digit of 1648241067?
6
What is the thousands digit of 30637984?
7
What is the tens digit of 862201603?
0
What is the millions digit of 91588074?
1
What is the thousands digit of 1906577912?
7
What is the units digit of 1563237383?
3
What is the thousands digit of 350241077?
1
What is the hundred millions digit of 1181612557?
1
What is the ten millions digit of 963168754?
6
What is the thousands digit of 5415056593?
6
What is the thousands digit of 3632438134?
8
What is the ten thousands digit of 124772018?
7
What is the tens digit of 27090447?
4
What is the hundreds digit of 601329201?
2
What is the hundred millions digit of 579025092?
5
What is the ten millions digit of 133537153?
3
What is the thousands digit of 56512102?
2
What is the thousands digit of 1832130046?
0
What is the ten thousands digit of 27053819?
5
What is the tens digit of 238115098?
9
What is the hundred thousands digit of 1795131244?
1
What is the millions digit of 168174482?
8
What is the hundreds digit of 835812459?
4
What is the thousands digit of 1742334504?
4
What is the tens digit of 612657115?
1
What is the tens digit of 94415373?
7
What is the units digit of 2755592815?
5
What is the hundred thousands digit of 56936455?
9
What is the hundred thousands digit of 129162830?
1
What is the hundreds digit of 2182729182?
1
What is the units digit of 8730782203?
3
What is the units digit of 466189898?
8
What is the tens digit of 39606885?
8
What is the units digit of 5547123587?
7
What is the thousands digit of 1181099473?
9
What is the hundreds digit of 2918142196?
1
What is the hundred millions digit of 1840755634?
8
What is the ten thousands digit of 304564795?
6
What is the tens digit of 145246661?
6
What is the ten thousands digit of 1383903691?
0
What is the hundred millions digit of 542764567?
5
What is the tens digit of 51685601?
0
What is the thousands digit of 36895266?
5
What is the thousands digit of 5530603199?
3
What is the hundreds digit of 89187403?
4
What is the units digit of 82186494?
4
What is the tens digit of 127945882?
8
What is the ten millions digit of 369395169?
6
What is the hundred millions digit of 5599892658?
5
What is the hundred thousands digit of 170009023?
0
What is the millions digit of 46097481?
6
What is the hundred millions digit of 522556219?
5
What is the hundred millions digit of 2916473796?
9
What is the hundred millions digit of 5844157616?
8
What is the millions digit of 215188092?
5
What is the ten thousands digit of 374148214?
4
What is the hundreds digi